he prime factors of b?
3, 7, 11
Let k(c) = -15*c**3 + c - 6. Let a be k(4). Let q = 1388 + a. List the prime factors of q.
2, 3, 71
Suppose -5*v - 4*l = -2504, -78*l + 76*l = 3*v - 1500. What are the prime factors of v?
2, 31
Let w = 14194 - -57453. List the prime factors of w.
71647
Suppose 0 = -5*j - 3*u + 36, 0 = 5*j - 4*u - 20 - 2. Let p(q) = q**3 - 46 + 27 + j*q**2 + 22 - 2*q**3 - 4*q. List the prime factors of p(2).
11
Let u be (42/12)/(14/8). List the prime factors of (-11292)/(-24) + (-9)/6 + u.
3, 157
Let n be 545*(2 + (0 - 1)). Let k = 11 + 157. Suppose 3*l = 9, -5*t + k = l - n. What are the prime factors of t?
2, 71
Suppose 2*j = -p - 3*p - 446, -p + j - 107 = 0. Let c = -112 - -117. Let s = c - p. List the prime factors of s.
5, 23
Suppose 3*y = -9, 3*y - 4*y = 3*z + 3. Suppose z = -3*b + 53 + 10. Suppose r = -3, -2*k + k = -4*r - b. What are the prime factors of k?
3
Let i = 7991 + -8072. Let h = 459 + -283. Let o = i + h. List the prime factors of o.
5, 19
Suppose -3*f - k - 2*k = -125031, 5*k = -4*f + 166713. List the prime factors of f.
2, 5209
Let m(v) = v**3 - 8*v**2 + v + 6. Let g be m(8). Suppose g*f - 15*f = -582. What are the prime factors of f?
2, 3, 97
Let m be ((-176)/(-33))/(2/(-6)). Let a be 81/12 - 4/m. List the prime factors of (-3)/(3/4) - (-1302)/a.
2, 7, 13
Suppose -2*o - 33*o + 133560 = 0. List the prime factors of o.
2, 3, 53
What are the prime factors of 1 - (5378/(-2*3/6) - 6)?
3, 5, 359
Suppose -14 = p + 3*q, -7 + 2 = 4*p - 5*q. Let s(t) = -30*t + 22. List the prime factors of s(p).
2, 43
Let u(z) = 61*z**2 + 13*z + 43. Let n = 216 - 220. What are the prime factors of u(n)?
967
Suppose j - 16*b = -21*b + 22179, 3*j - b - 66457 = 0. What are the prime factors of j?
2, 11, 19, 53
Let d(v) = -v**3 - 16*v**2 - 56*v - 19. Let k be d(-11). List the prime factors of (-3)/(-4) - 209*2/k.
53
Let o = 2261 + 613. List the prime factors of o.
2, 3, 479
Let w = 13784 + -1189. What are the prime factors of w?
5, 11, 229
Let d be (3/(-5) - (-8)/80)*10. Let z be (-63)/28*d/(10/48). What are the prime factors of z/4*(-58)/(-3)?
3, 29
List the prime factors of ((-3)/6)/((100/(-2008520))/5).
149, 337
Let o(h) = 6*h - 7*h - 3 + 3*h**2 + 1. Let l be o(2). Let b(r) = r**2 - 4*r - 6. What are the prime factors of b(l)?
2, 13
Let u(h) = h**3 - 19*h**2 + 19*h - 22. Let v be u(18). Let w be 140/44 + v/22. Suppose -w*c + 5*r + 171 = 19, 4*r = c - 53. List the prime factors of c.
7
Let a(l) = 28*l**2 - 9*l + 112. List the prime factors of a(-9).
23, 107
Suppose 4*k = 3*v - 22, 5*k = -3*v - 13 - 1. Suppose q - 4*r = 3*q - 270, -v*r + 691 = 5*q. What are the prime factors of q?
139
Let l be 4*-1*20/(-16). Let f = -718 - -1027. Suppose 183 = 3*o - 3*v, -2*v + l*v + f = 5*o. List the prime factors of o.
3, 7
Let w be (188/235)/(2/15). Suppose -50 = -w*p + 10612. What are the prime factors of p?
1777
Let v(j) = j**3 + 12*j**2 - 12*j + 9. Suppose -9*d - 1 = 116. Let k be v(d). What are the prime factors of 26/(-4)*k/(4 - 2)?
13
Suppose -13*r - 43*r = -185024. List the prime factors of r.
2, 7, 59
Let s(c) = 1104*c - 1511. List the prime factors of s(14).
5, 2789
Let t(c) = -2*c + 50. Let x be t(25). What are the prime factors of 293 + (x - (8 + -4))?
17
Let v be (-8)/(-10) - 3/(-30)*29622. Suppose 3*y + 3*k = 2223, -4*y + v = -6*k + 9*k. List the prime factors of y.
2, 5, 37
Let k = 7 - 3. Let r be (45/(-30))/((-2)/k). What are the prime factors of r - (138/(-2) + 2)?
2, 5, 7
Suppose 4*z + 80 = -5*q + 294, -3*q - 4*z + 130 = 0. List the prime factors of q/((-23)/(-11) + -2).
2, 3, 7, 11
Suppose -221 = -6*g + 877. Let a be g/(-1) - (-7 + -5)/6. Let o = -19 - a. What are the prime factors of o?
2, 3
Suppose 7*m + 21 - 14 = 0. Let a be (-15)/(-35) - ((-75)/21 - m). List the prime factors of (6/(-4))/(a/(-394)).
197
Let m(n) = -162*n + 1041. What are the prime factors of m(-16)?
3, 7, 173
Let w = -34 + 32. Let d = -136 - -199. List the prime factors of 4 + w + d/3.
23
Let u(i) = 7*i**2 + 0 - 4 + 3 + 24*i**2. Let m be u(-1). Suppose 2*y = c - 1 - m, 124 = 4*c - 5*y. What are the prime factors of c?
31
Let u be (-13)/((15/(-6))/(-5)). Let h(a) = -a**2 - 38*a + 38. What are the prime factors of h(u)?
2, 5, 7
Let z(i) = -267*i - 72. Let m(o) = -267*o - 76. Let h(f) = 4*m(f) - 3*z(f). What are the prime factors of h(-4)?
2, 5, 7
Let b(t) be the second derivative of -1/2*t**3 + 13*t**2 + 0 + 11*t. List the prime factors of b(-8).
2, 5
Suppose -15*h = -18 + 48. Let t(v) = -117*v - 7. List the prime factors of t(h).
227
Suppose 3*l = -6*k + 276975, 5*l - 213565 - 17260 = -5*k. List the prime factors of k.
2, 5, 577
List the prime factors of (3 + (-190544)/(-24))/((-6)/(-18)).
23827
Suppose 0 = 3*v + 2*v. Let f be 255/(-10)*(v - 2). Suppose -3*z + 60 = -f. What are the prime factors of z?
37
Let v(w) = -w**3 + 5*w**2 + 2*w - 11. Suppose 4 = -3*h + 19. Let o be v(h). Let g(j) = -124*j + 7. List the prime factors of g(o).
131
Let s(z) = -z**2 + 21*z - 142. Let j be s(-23). Let r = 1944 + j. What are the prime factors of r?
2, 5, 79
Let i = 9669 - 16431. List the prime factors of 8/6 - (i/18 - -6).
7, 53
Let o = -30431 - -65448. List the prime factors of o.
19, 97
Let q(f) = -14*f + 96. Let h be q(6). Suppose h*p = 3*p + 7146. List the prime factors of p.
2, 397
Let u = 80 - 64. What are the prime factors of 349 + u/(10 + -6)?
353
Let a(j) = -j**2 + 7*j - 37. Let r = -85 + 95. Let k be a(r). Let y = 113 + k. List the prime factors of y.
2, 23
Suppose 5*t - 3033 = h, 3*t - 2*t = -h + 609. Let b = -257 + t. List the prime factors of b.
2, 5, 7
Let o = 53 + 2. Let g = o - 55. Suppose 2*c + y - 85 = -c, g = -4*c + y + 125. List the prime factors of c.
2, 3, 5
Suppose 9*f + 8811 = 12*f - b, b - 5879 = -2*f. What are the prime factors of f?
2, 13, 113
Let p = 95 + -90. Suppose -5*l - 9*g + 2017 = -7*g, 0 = 3*l + p*g - 1214. List the prime factors of l.
13, 31
Suppose -3*p = l + p - 14, 5*l - 45 = 5*p. Suppose -m - 5 + l = 0. Suppose -m*a + 575 - 45 = 0. What are the prime factors of a?
2, 53
What are the prime factors of (-25226)/(-5) - 261/(-145)?
7, 103
Suppose -4*y + 2*y - 114 = -4*g, -g = 5*y - 34. Suppose -g*c = -14317 - 7520. List the prime factors of c.
3, 251
Let f(m) = m**3 - 2*m**2 + 19*m - 4. Let d be f(-8). List the prime factors of (d/(-6))/((-3)/(-9)).
2, 199
Let a(x) = 76*x**3 - 10*x**2 + 111*x + 102. What are the prime factors of a(8)?
2, 67, 293
Let m(r) = 6*r**2 - 23*r + 6. Let o(v) = v**2 - 5*v - 32. Let q be o(9). Let u be m(q). Suppose 3*n = 2*t - u, -3*n = t - 1 + 5. List the prime factors of t.
2
Suppose -m + 6*m + 15 = 0. What are the prime factors of ((-7415)/(-15) - m)/((-10)/(-15))?
2, 373
Let p be 1/(-10 + 676/68). Let u(f) be the second derivative of -2*f**3/3 + 17*f**2 + 2*f. List the prime factors of u(p).
2, 3, 17
Let j = 50 + -48. Suppose 3*q = 8*q. Suppose -5*b + 554 = -j*p, q*b + 3*b - 330 = 2*p. What are the prime factors of b?
2, 7
List the prime factors of -3 + 3335 + -3 + 7/1.
2, 3, 139
Suppose -2*n = -2*m - 2*m + 8320, 5*n = m - 2098. What are the prime factors of m?
2, 1039
Let v(o) = o**2 - 1. Let j be v(4). Suppose -25*x - 178 = -778. Let g = x - j. List the prime factors of g.
3
Let k(d) = d - 3. Let v(j) = j + 6 - 3 - j - j. Let x(q) = 5*k(q) + 6*v(q). List the prime factors of x(-11).
2, 7
Let a be (1430 + -7)*1*(-3 - -2). Let t = -748 - a. What are the prime factors of t?
3, 5
Let b(a) be the first derivative of -13*a**2/2 - 25*a - 18. List the prime factors of b(-5).
2, 5
Let p = 10158 - -4119. What are the prime factors of p?
3, 4759
Let h(p) = -p**3 + 18*p**2 - 9*p + 8. Suppose 20*s - 3*s = 153. List the prime factors of h(s).
2, 41
Let t(x) = 6*x + 36. Let b(c) = c + 5. Let g(i) = 30*b(i) - 4*t(i). List the prime factors of g(19).
2, 3, 5
Let x = -413 + 7030. What are the prime factors of x?
13, 509
Suppose t - 23*t = -115450 - 16110. List the prime factors of t.
2, 5, 13, 23
Suppose 4*p - 4*x = 1040, 2*x = -2*p - 2*x + 538. Suppose p*a + 13590 = 272*a. List the prime factors of a.
2, 5, 151
Let h = -329 + 321. Suppose -1 = -s + 1. List the prime factors of h/2*s*-7.
2, 7
What are the prime factors of 0 + 2 - (-10 + -1934)?
2, 7, 139
Let l = -339 - -1330. Suppose -8*w - 223 + l = 0. List the prime factors 